2739 is divided by 1853.
33
What is the remainder when 36079 is divided by 35936?
143
What is the remainder when 603063 is divided by 346?
331
What is the remainder when 130734 is divided by 32377?
1226
Calculate the remainder when 26882541 is divided by 90.
81
What is the remainder when 1591963 is divided by 16?
11
What is the remainder when 2952955 is divided by 21?
19
What is the remainder when 647558 is divided by 16?
6
Calculate the remainder when 124582 is divided by 416.
198
What is the remainder when 315837 is divided by 315689?
148
What is the remainder when 8666767 is divided by 42484?
31
What is the remainder when 288920 is divided by 2449?
2387
Calculate the remainder when 73499 is divided by 202.
173
Calculate the remainder when 25021625 is divided by 320790.
5
Calculate the remainder when 161880 is divided by 831.
666
What is the remainder when 1319389 is divided by 900?
889
Calculate the remainder when 3485622 is divided by 3485598.
24
What is the remainder when 1143803038 is divided by 12?
10
What is the remainder when 921216 is divided by 66?
54
Calculate the remainder when 44448744 is divided by 270.
264
What is the remainder when 152030374 is divided by 53702?
12
What is the remainder when 60003 is divided by 4254?
447
Calculate the remainder when 689390321 is divided by 15.
11
Calculate the remainder when 4043761 is divided by 1010933.
29
Calculate the remainder when 1093618 is divided by 182249.
124
Calculate the remainder when 1218507 is divided by 276.
243
Calculate the remainder when 17227723 is divided by 69.
10
What is the remainder when 22524587 is divided by 29?
26
What is the remainder when 325870 is divided by 1006?
932
What is the remainder when 42805341 is divided by 283479?
12
What is the remainder when 492949 is divided by 206?
197
Calculate the remainder when 318090 is divided by 376.
370
What is the remainder when 16367 is divided by 7948?
471
Calculate the remainder when 84645498 is divided by 42322748.
2
Calculate the remainder when 222961370 is divided by 4498.
8
What is the remainder when 8029731 is divided by 308835?
21
What is the remainder when 103030369 is divided by 887?
884
Calculate the remainder when 69933 is divided by 908.
17
What is the remainder when 4967287 is divided by 3571?
26
Calculate the remainder when 3183012 is divided by 78.
66
Calculate the remainder when 52648966 is divided by 27975.
16
What is the remainder when 1485674 is divided by 20?
14
What is the remainder when 6943040 is divided by 157796?
16
What is the remainder when 43603 is divided by 87?
16
What is the remainder when 2313796 is divided by 74?
38
What is the remainder when 390325 is divided by 1814?
315
What is the remainder when 5566 is divided by 301?
148
What is the remainder when 3161802 is divided by 3161797?
5
Calculate the remainder when 22587821 is divided by 7121.
9
Calculate the remainder when 10988785 is divided by 400.
385
What is the remainder when 1132818 is divided by 566406?
6
What is the remainder when 18077624 is divided by 4813?
4809
What is the remainder when 272825 is divided by 272787?
38
Calculate the remainder when 689231 is divided by 344517.
197
What is the remainder when 23278 is divided by 2893?
134
Calculate the remainder when 1483808 is divided by 286.
40
What is the remainder when 15518175 is divided by 738960?
15
Calculate the remainder when 5289349 is divided by 278385.
34
Calculate the remainder when 4923098 is divided by 1230759.
62
Calculate the remainder when 107829 is divided by 53559.
711
Calculate the remainder when 2667532 is divided by 2667469.
63
What is the remainder when 23485 is divided by 17847?
5638
Calculate the remainder when 39718 is divided by 1327.
1235
What is the remainder when 14959520 is divided by 787343?
3
Calculate the remainder when 5272785 is divided by 18501.
0
What is the remainder when 13294087 is divided by 6552?
79
What is the remainder when 364613 is divided by 1108?
81
What is the remainder when 1241462 is divided by 413?
397
Calculate the remainder when 18979674 is divided by 3328.
90
Calculate the remainder when 13650223 is divided by 910014.
13
Calculate the remainder when 1850509 is divided by 1849762.
747
Calculate the remainder when 395090 is divided by 39503.
60
What is the remainder when 302816 is divided by 299567?
3249
What is the remainder when 1383097 is divided by 230514?
13
What is the remainder when 116913 is divided by 2157?
435
What is the remainder when 508624 is divided by 1110?
244
Calculate the remainder when 4253265 is divided by 70.
65
Calculate the remainder when 2573499 is divided by 71486.
3
Calculate the remainder when 55598249 is divided by 252.
245
What is the remainder when 1674759 is divided by 2794?
1153
Calculate the remainder when 1000935 is divided by 71485.
145
What is the remainder when 3292161 is divided by 24566?
317
Calculate the remainder when 34662569 is divided by 361.
71
What is the remainder when 2348390 is divided by 4317?
4259
Calculate the remainder when 977930 is divided by 195531.
275
Calculate the remainder when 54882 is divided by 18266.
84
What is the remainder when 219721868 is divided by 6507?
6506
Calculate the remainder when 5979067 is divided by 2989524.
19
What is the remainder when 6086676 is divided by 4096?
20
What is the remainder when 658640 is divided by 164625?
140
Calculate the remainder when 5571367 is divided by 279.
16
What is the remainder when 334864 is divided by 334707?
157
Calculate the remainder when 2832045 is divided by 3095.
120
Calculate the remainder when 38444231 is divided by 24518.
7
Calculate the remainder when 31931382 is divided by 833.
826
What is the remainder when 237752 is divided by 237741?
11
Calculate the remainder when 284017 is divided by 348.
49
Calculate the remainder when 126243 is divided by 9375.
4368
Calculate the remainder when 107261 is divided by 3.
2
What is the remainder when 24017 is divided by 7997?
26
What is the remainder when 91710728 is divided by 47766?
8
What is the remainder when 4372349 is divided by 22?
3
What is the remainder when 165217 is divided by 32848?
977
What is the remainder when 9603 is divided by 104?
35
What is the remainder when 1475304 is divided by 1688?
1680
Calculate the remainder when 47196031 is divided by 44.
3
Calculate the remainder when 15285816 is divided by 67043.
12
What is the remainder when 58763564 is divided by 12442?
12440
Calculate the remainder when 4650032 is divided by 2302.
2294
Calculate the remainder when 59607 is divided by 29700.
207
Calculate the remainder when 1072106 is divided by 39707.
17
What is the remainder when 364333 is divided by 359145?
5188
Calculate the remainder when 1558102 is divided by 24345.
22
Calculate the remainder when 1803427165 is divided by 17.
15
What is the remainder when 5686474 is divided by 3399?
3346
What is the remainder when 352619 is divided by 11369?
180
Calculate the remainder when 22941862 is divided by 7647266.
64
Calculate the remainder when 678437 is divided by 677165.
1272
What is the remainder when 2031986 is divided by 7362?
74
What is the remainder when 24889 is divided by 412?
169
What is the remainder when 20162 is divided by 437?
60
What is the remainder when 165074624 is divided by 12698048?
0
What is the remainder when 1014932 is divided by 24?
20
Calculate the remainder when 12913073 is divided by 2182.
2179
Calculate the remainder when 235822 is divided by 107.
101
What is the remainder when 6471 is divided by 1420?
791
Calculate the remainder when 5828 is divided by 4742.
1086
Calculate the remainder when 64805894 is divided by 13.
10
What is the remainder when 6130898 is divided by 6130887?
11
Calculate the remainder when 796930 is divided by 388.
366
Calculate the remainder when 3596184 is divided by 63.
18
Calculate the remainder when 188384 is divided by 94188.
8
What is the remainder when 5638600 is divided by 1655?
15
Calculate the remainder when 33644 is divided by 2047.
892
What is the remainder when 71370 is divided by 4198?
4
Calculate the remainder when 25335481 is divided by 949.
28
Calculate the remainder when 32646741 is divided by 13.
10
What is the remainder when 9061151 is divided by 37?
36
Calculate the remainder when 61